{"id":466,"date":"2026-01-24T11:08:57","date_gmt":"2026-01-24T17:08:57","guid":{"rendered":"https:\/\/cabval.nubol.net\/?page_id=466"},"modified":"2026-03-08T20:32:13","modified_gmt":"2026-03-09T02:32:13","slug":"sobre-nosotros","status":"publish","type":"page","link":"https:\/\/cabval.nubol.net\/index.php\/sobre-nosotros\/","title":{"rendered":"Sobre Nosotros&#8230;"},"content":{"rendered":"\n<div class=\"flex-flow horizontal-flow gap-20 fill-height\">\n    <div class=\"region-section about-us-contact-region\">\n        <div id=\"contact-info\" style=\"display:flex;flex-direction:column;gap:20px;\">\n\n            <div style=\"display:flex;flex-direction:row;width:100%;gap:10px;\">\n                <div class=\"contact-icon address\"><\/div>\n                <div style=\"display:flex;flex-direction:column;width:100%;gap:10px;\">\n                    <div class=\"contact-text-info reductible-text not-justified\" style=\"flex-grow:1;\">Antiguo Edificio\n                        Santos y\n                        Cia.<br \/>Avenida\n                        Princpal, 10ma Calle<br \/>Colonia\n                        Miramontes,<br \/>Tegucigalpa, M.D.C.,<br \/>Honduras, C.A.<\/div>\n                    <iframe class=\"google-maps-frame\" loading=\"lazy\" allowfullscreen\n                        src=\"https:\/\/www.google.com\/maps?q=14.083140,-87.197122&#038;z=16&#038;output=embed\">\n                    <\/iframe>\n                <\/div>\n            <\/div>\n            <div style=\"display:flex;flex-direction:row;width:100%;gap:10px;\">\n                <div class=\"contact-icon phones\"><\/div>\n                <div class=\"contact-text-info reductible-text\">\n                    <p>\n                        <a class=\"link\" href=\"tel:+50431444646\" title=\"+504 3144-4646\">+504 3144-4646<\/a><br \/>\n                        <a class=\"link\" href=\"tel:+50488173795\" title=\"+504 8817-3795\">+504 8817-3795<\/a>\n                    <\/p>\n                <\/div>\n            <\/div>\n            <div style=\"display:flex;flex-direction:row;width:100%;gap:10px;\">\n                <div class=\"contact-icon emails\"><\/div>\n                <div class=\"contact-text-info reductible-text\">\n                    <a class=\"link\" href=\"mailto:usuariofinanciero@cabval.hn\"\n                        title=\"usuariofinanciero@nubol.net\">usuariofinanciero@nubol.net<\/a>\n                    <br \/>\n                    <a class=\"link\" href=\"mailto:usuariofinanciero@cabval.hn\"\n                        title=\"cabvalhn@yahoo.com\">cabvalhn@yahoo.com<\/a>\n                <\/div>\n            <\/div>\n        <\/div>\n        <div class=\"links-interest-region\">\n            <h5 style=\"margin-bottom:2px;\">Otros enlaces<\/h5>\n            <ul style=\"list-style:none;margin:0px;padding:0px;\">\n                <li data-group=\"aboutus\" class=\"link js-link animated default\" data-container=\"target-content\"\n                    data-target=\"quienes-somos\">\u00bfQuienes Somos?<\/li>\n                <li data-group=\"aboutus\" class=\"link js-link animated\" data-container=\"target-content\"\n                    data-target=\"vision-mision\">\n                    Visi\u00f3n y Misi\u00f3n<\/li>\n                <li data-group=\"aboutus\" class=\"link js-link animated\" data-container=\"target-content\"\n                    data-target=\"valores\">Valores\n                <\/li>\n                <li data-group=\"aboutus\" class=\"link js-link animated\" data-container=\"target-content\"\n                    data-target=\"consejo-administracion\">Consejo de Administraci\u00f3n<\/li>\n                <li data-group=\"aboutus\" class=\"link js-link animated\" data-container=\"target-content\"\n                    data-target=\"libro-quejas\">Libro de Quejas<\/li>\n                <li data-group=\"aboutus\" class=\"link js-link animated\" data-container=\"target-content\"\n                    data-target=\"politica-privacidad\">Pol\u00edtica de Privacidad<\/li>\n                <li data-group=\"aboutus\" class=\"link js-link animated\" data-container=\"target-content\"\n                    data-target=\"terminos-condiciones\">T\u00e9rminos y Condiciones<\/li>\n            <\/ul>\n        <\/div>\n    <\/div>\n    <div class=\"flex-flow vertical-flow gap-20 padded-20 relative\">\n        <div id=\"target-content\" class=\"left scrollable vertical absolute\"\n            style=\"padding: 0px 2px 10px 10px;\">\n        <\/div>\n    <\/div>\n<\/div>\n","protected":false},"excerpt":{"rendered":"<p>Antiguo Edificio Santos y Cia.Avenida Princpal, 10ma CalleColonia Miramontes,Tegucigalpa, M.D.C.,Honduras, C.A. +504 3144-4646 +504 8817-3795 usuariofinanciero@nubol.net cabvalhn@yahoo.com Otros enlaces \u00bfQuienes Somos? Visi\u00f3n y Misi\u00f3n Valores Consejo de Administraci\u00f3n Libro de Quejas Pol\u00edtica de Privacidad T\u00e9rminos y Condiciones<\/p>\n","protected":false},"author":2,"featured_media":0,"parent":0,"menu_order":0,"comment_status":"closed","ping_status":"closed","template":"page-templates\/node-template.php","meta":{"footnotes":""},"class_list":["post-466","page","type-page","status-publish","hentry"],"_links":{"self":[{"href":"https:\/\/cabval.nubol.net\/index.php\/wp-json\/wp\/v2\/pages\/466","targetHints":{"allow":["GET"]}}],"collection":[{"href":"https:\/\/cabval.nubol.net\/index.php\/wp-json\/wp\/v2\/pages"}],"about":[{"href":"https:\/\/cabval.nubol.net\/index.php\/wp-json\/wp\/v2\/types\/page"}],"author":[{"embeddable":true,"href":"https:\/\/cabval.nubol.net\/index.php\/wp-json\/wp\/v2\/users\/2"}],"replies":[{"embeddable":true,"href":"https:\/\/cabval.nubol.net\/index.php\/wp-json\/wp\/v2\/comments?post=466"}],"version-history":[{"count":84,"href":"https:\/\/cabval.nubol.net\/index.php\/wp-json\/wp\/v2\/pages\/466\/revisions"}],"predecessor-version":[{"id":1976,"href":"https:\/\/cabval.nubol.net\/index.php\/wp-json\/wp\/v2\/pages\/466\/revisions\/1976"}],"wp:attachment":[{"href":"https:\/\/cabval.nubol.net\/index.php\/wp-json\/wp\/v2\/media?parent=466"}],"curies":[{"name":"wp","href":"https:\/\/api.w.org\/{rel}","templated":true}]}}