{"id":339,"date":"2026-01-24T01:01:25","date_gmt":"2026-01-24T07:01:25","guid":{"rendered":"https:\/\/cabval.nubol.net\/?page_id=339"},"modified":"2026-02-12T00:52:20","modified_gmt":"2026-02-12T06:52:20","slug":"nuestros-servicios","status":"publish","type":"page","link":"https:\/\/cabval.nubol.net\/index.php\/nuestros-servicios\/","title":{"rendered":"Nuestros Servicios"},"content":{"rendered":"\n<div class=\"flex-flow vertical-flow gap-20 fill-height\">\n    <h4 class=\"centered-text\">Contamos con una amplia trayectoria y ponemos a disposici\u00f3n los siguientes servicios<\/h4>\n    <div class=\"greedy scrollable vertical\">\n        <div class='cards-region horizontal cols-3' data-category='servicios'><div class=\"card-item\"><div class='icon-wrapper'>\n                    <div class='icon icon-debb8615-33c3-41c7-9ab0-4bed18b13b57'><\/div>\n                  <\/div><h4>Asesor\u00eda Bursatil<\/h4><p class='text primary'>Ofrecemos informaci\u00f3n y asesor\u00eda burs\u00e1til personalizada, facilitando el an\u00e1lisis de cada inversionista.<\/p><\/div><div class=\"card-item\"><div class='icon-wrapper'>\n                    <div class='icon icon-8b449d4a-4b7f-4831-a9ee-758e59b719d0'><\/div>\n                  <\/div><h4>Estructuraci\u00f3n de Emisiones<\/h4><p class='text primary'>Desarrollamos estructuraci\u00f3n de emisiones de T\u00edtulos Valores para su colocaci\u00f3n en Mercados Burs\u00e1tiles.<\/p><\/div><div class=\"card-item\"><div class='icon-wrapper'>\n                    <div class='icon icon-7c9460c2-26a9-4454-a30f-d0ceec52aa48'><\/div>\n                  <\/div><h4>Actuaci\u00f3n como RCO<\/h4><p class='text primary'>CABVAL cuenta con amplia experiencia como Representante Com\u00fan de los Obligacionistas (RCO).<\/p><\/div><div class=\"card-item\"><div class='icon-wrapper'>\n                    <div class='icon icon-d682181f-9133-4f2a-988c-b757510d3203'><\/div>\n                  <\/div><h4>Educaci\u00f3n Burs\u00e1til<\/h4><p class='text primary'>CABVAL promueve la educaci\u00f3n burs\u00e1til profesional a todos los interesados en el Mercado de Valores mediante nuestras redes sociales.<\/p><\/div><div class=\"card-item\"><div class='icon-wrapper'>\n                    <div class='icon icon-ce0a2161-4b9a-475e-8422-6f98a98ce907'><\/div>\n                  <\/div><h4>Intermediaci\u00f3n Burs\u00e1til<\/h4><p class='text primary'>Acompa\u00f1amiento en las actividades burs\u00e1tiles de T\u00edtulos Valores aprobados por los entes reguladores de la instituci\u00f3n.<\/p><\/div><div class=\"card-item\"><div class='icon-wrapper'>\n                    <div class='icon icon-2edf0060-16d5-4b99-9bc4-99854cad529e'><\/div>\n                  <\/div><h4>Servicios Personalizados<\/h4><p class='text primary'>Casa de Bolsa independiente, distinguida por su esmero en el servicio de informaci\u00f3n y asesor\u00eda burs\u00e1til para todos sus inversionistas.<\/p><\/div><div class=\"card-item\"><div class='icon-wrapper'>\n                    <div class='icon icon-b03b080a-43d7-4d7c-8088-fb3281013287'><\/div>\n                  <\/div><h4>Inversiones en el Extranjero<\/h4><p class='text primary'>Ofrecemos a los inversionistas en Honduras acceso a la compra y venta de bonos soberanos, corporativos e instrumentos financieros en mercados internacionales. Optimizamos su estrategia de inversi\u00f3n mediante la diversificaci\u00f3n y la b\u00fasqueda de mejores rendimientos.<\/p><\/div><\/div>\n    <\/div>\n    <div class=\"centered-text\">CABVAL ofrece a sus clientes servicios con alto grado de dinamismo, rapidez y\n        eficiencia\n        en su intermediaci\u00f3n en la compra y venta de t\u00edtulos valores en el mercado primario y el mercado secundario de\n        nuestro pa\u00eds e internacional.<\/div>\n<\/div>\n","protected":false},"excerpt":{"rendered":"<p>Contamos con una amplia trayectoria y ponemos a disposici\u00f3n los siguientes servicios CABVAL ofrece a sus clientes servicios con alto grado de dinamismo, rapidez y eficiencia en su intermediaci\u00f3n en la compra y venta de t\u00edtulos valores en el mercado primario y el mercado secundario de nuestro pa\u00eds e internacional.<\/p>\n","protected":false},"author":2,"featured_media":0,"parent":0,"menu_order":0,"comment_status":"closed","ping_status":"closed","template":"page-templates\/node-template.php","meta":{"footnotes":""},"class_list":["post-339","page","type-page","status-publish","hentry"],"_links":{"self":[{"href":"https:\/\/cabval.nubol.net\/index.php\/wp-json\/wp\/v2\/pages\/339","targetHints":{"allow":["GET"]}}],"collection":[{"href":"https:\/\/cabval.nubol.net\/index.php\/wp-json\/wp\/v2\/pages"}],"about":[{"href":"https:\/\/cabval.nubol.net\/index.php\/wp-json\/wp\/v2\/types\/page"}],"author":[{"embeddable":true,"href":"https:\/\/cabval.nubol.net\/index.php\/wp-json\/wp\/v2\/users\/2"}],"replies":[{"embeddable":true,"href":"https:\/\/cabval.nubol.net\/index.php\/wp-json\/wp\/v2\/comments?post=339"}],"version-history":[{"count":62,"href":"https:\/\/cabval.nubol.net\/index.php\/wp-json\/wp\/v2\/pages\/339\/revisions"}],"predecessor-version":[{"id":1783,"href":"https:\/\/cabval.nubol.net\/index.php\/wp-json\/wp\/v2\/pages\/339\/revisions\/1783"}],"wp:attachment":[{"href":"https:\/\/cabval.nubol.net\/index.php\/wp-json\/wp\/v2\/media?parent=339"}],"curies":[{"name":"wp","href":"https:\/\/api.w.org\/{rel}","templated":true}]}}